factors of 944853.
3, 7, 13, 3461
List the prime factors of 1634744.
2, 127, 1609
What are the prime factors of 4125662?
2, 17, 121343
List the prime factors of 71572.
2, 29, 617
List the prime factors of 1137011.
17, 66883
List the prime factors of 77330.
2, 5, 11, 19, 37
List the prime factors of 16002845.
5, 19, 168451
List the prime factors of 6609969.
3, 127, 5783
List the prime factors of 331379.
19, 107, 163
List the prime factors of 2149541.
919, 2339
List the prime factors of 293022.
2, 3, 73, 223
What are the prime factors of 129835?
5, 23, 1129
What are the prime factors of 249846?
2, 3, 41641
What are the prime factors of 2460637?
2460637
List the prime factors of 4613531.
13, 27299
What are the prime factors of 1070210?
2, 5, 107021
What are the prime factors of 441820?
2, 5, 22091
What are the prime factors of 77337?
3, 13, 661
List the prime factors of 292678.
2, 61, 2399
List the prime factors of 100333.
100333
List the prime factors of 6562268.
2, 23, 71329
What are the prime factors of 7083843?
3, 13, 67, 2711
What are the prime factors of 577913?
7, 82559
List the prime factors of 472535.
5, 7, 23, 587
List the prime factors of 24555122.
2, 23, 23209
What are the prime factors of 21281616?
2, 3, 16421
What are the prime factors of 2619489?
3, 37, 23599
List the prime factors of 9832718.
2, 7, 702337
What are the prime factors of 1758947?
1758947
List the prime factors of 54506.
2, 27253
What are the prime factors of 5378704?
2, 127, 2647
What are the prime factors of 1600085?
5, 19, 16843
What are the prime factors of 544249?
23, 23663
List the prime factors of 225673.
7, 103, 313
What are the prime factors of 124990?
2, 5, 29, 431
What are the prime factors of 742478?
2, 11, 33749
List the prime factors of 2940281.
29, 53, 1913
List the prime factors of 109048.
2, 43, 317
List the prime factors of 7523635.
5, 7, 103, 2087
What are the prime factors of 3524269?
7, 79, 6373
What are the prime factors of 39517?
43, 919
List the prime factors of 773456.
2, 48341
List the prime factors of 2341812.
2, 3, 11, 113, 157
List the prime factors of 763043.
763043
List the prime factors of 247189.
41, 6029
List the prime factors of 879662.
2, 7, 19, 3307
What are the prime factors of 463745?
5, 137, 677
What are the prime factors of 3982813?
3982813
List the prime factors of 9814226.
2, 4907113
What are the prime factors of 41628?
2, 3, 3469
List the prime factors of 5081752.
2, 13, 131, 373
What are the prime factors of 2093401?
19, 239, 461
What are the prime factors of 2015255?
5, 11, 3331
List the prime factors of 44348.
2, 11087
List the prime factors of 235011.
3, 7, 19, 31
List the prime factors of 40109037.
3, 3499, 3821
List the prime factors of 1817353.
149, 12197
List the prime factors of 6741071.
67, 100613
List the prime factors of 2346609.
3, 61, 12823
What are the prime factors of 279608?
2, 7, 4993
What are the prime factors of 3391514?
2, 7, 157, 1543
What are the prime factors of 1804003?
29, 62207
What are the prime factors of 2069418?
2, 3, 13, 43, 617
List the prime factors of 3783230.
2, 5, 11, 163, 211
List the prime factors of 6768573.
3, 7, 109, 2957
List the prime factors of 6516619.
29, 224711
List the prime factors of 4970383.
11, 89, 5077
What are the prime factors of 756402?
2, 3, 126067
List the prime factors of 1680363.
3, 186707
List the prime factors of 1769167.
1769167
List the prime factors of 2550832.
2, 131, 1217
List the prime factors of 1084562.
2, 542281
List the prime factors of 8630245.
5, 13, 31, 4283
List the prime factors of 67551.
3, 11, 23, 89
List the prime factors of 4437393.
3, 19, 77849
List the prime factors of 570724.
2, 7, 11, 17, 109
List the prime factors of 7972236.
2, 3, 97, 761
List the prime factors of 1922539.
199, 9661
List the prime factors of 6737617.
109, 61813
List the prime factors of 1255016.
2, 7, 73, 307
What are the prime factors of 504126?
2, 3, 7, 4001
What are the prime factors of 105121?
31, 3391
What are the prime factors of 1634619?
3, 7, 77839
What are the prime factors of 5818317?
3, 1939439
What are the prime factors of 235996?
2, 41, 1439
What are the prime factors of 281779?
43, 6553
What are the prime factors of 591623?
591623
List the prime factors of 23234705.
5, 13, 37, 9661
What are the prime factors of 7287700?
2, 5, 7, 29, 359
List the prime factors of 1794595.
5, 11, 67, 487
What are the prime factors of 4160117?
13, 320009
What are the prime factors of 407283?
3, 349, 389
What are the prime factors of 67936?
2, 11, 193
What are the prime factors of 947783?
947783
List the prime factors of 1097782.
2, 7, 19, 4127
What are the prime factors of 234627?
3, 197, 397
List the prime factors of 2038578.
2, 3, 47, 7229
List the prime factors of 4582964.
2, 1145741
List the prime factors of 10200934.
2, 5100467
List the prime factors of 9425030.
2, 5, 73, 12911
What are the prime factors of 589400?
2, 5, 7, 421
List the prime factors of 640817.
773, 829
List the prime factors of 32091387.
3, 2297, 4657
List the prime factors of 978350.
2, 5, 17, 1151
What are the prime factors of 245530?
2, 5, 43, 571
List the prime factors of 8162393.
31, 263303
List the prime factors of 424031.
17, 24943
What are the prime factors of 24255928?
2, 41, 73951
What are the prime factors of 264873?
3, 7, 12613
What are the prime factors of 223343?
173, 1291
List the prime factors of 188098.
2, 94049
What are the prime factors of 13955818?
2, 449, 15541
What are the prime factors of 1446956?
2, 7, 31, 1667
What are the prime factors of 138949?
41, 3389
List the prime factors of 3184285.
5, 13, 48989
What are the prime factors of 1315475?
5, 7, 7517
List the prime factors of 193319.
7, 27617
What are the prime factors of 392537?
173, 2269
What are the prime factors of 650323?
89, 7307
What are the prime factors of 712708?
2, 17, 47, 223
List the prime factors of 16712494.
2, 8356247
What are the prime factors of 2361000?
2, 3, 5, 787
List the prime factors of 1318987.
1318987
What are the prime factors of 4555245?
3, 5, 303683
What are the prime factors of 23775?
3, 5, 317
What are the prime factors of 956123?
7, 137, 997
List the prime factors of 114421.
31, 3691
What are the prime factors of 2647331?
2647331
What are the prime factors of 3208235?
5, 379, 1693
List the prime factors of 6605380.
2, 5, 47, 7027
What are the prime factors of 2428554?
2, 3, 43, 9413
What are the prime factors of 202330?
2, 5, 20233
What are the prime factors of 1905853?
17, 71, 1579
What are the prime factors of 1358577?
3, 11, 13723
List the prime factors of 995838.
2, 3, 269, 617
List the prime factors of 8769355.
5, 7, 19, 13187
What are the prime factors of 212165?
5, 42433
What are the prime factors of 27281?
27281
What are the prime factors of 870338?
2, 7, 83, 107
List the prime factors of 954547.
11, 107, 811
List the prime factors of 1800794.
2, 900397
What are the prime factors of 1350481?
11, 11161
List the prime factors of 4539327.
3, 13, 239, 487
What are the prime factors of 4092168?
2, 3, 167, 1021
List the prime factors of 2030525.
5, 7, 41, 283
List the prime factors of 460895.
5, 92179
List the prime factors of 1134005.
5, 337, 673
What are the prime factors of 708340?
2, 5, 107, 331
What are the prime factors of 3359640?
2, 3, 5, 27997
List the prime factors of 7776513.
3, 293, 983
List the prime factors of 265519.
79, 3361
What are the prime factors of 221339?
211, 1049
List the prime factors of 344091.
3, 11, 10427
List the prime factors of 733035.
3, 5, 48869
List the prime factors of 1765339.
59, 29921
List the prime factors of 182387.
182387
What are the prime factors of 11913119?
11913119
List the prime factors of 15624.
2, 3, 7, 31
List the prime factors of 9401013.
3, 41, 73, 349
What are the prime factors of 2677584?
2, 3, 7, 13, 613
List the prime factors of 265464.
2, 3, 1229
What are the prime factors of 242344?
2, 30293
List the prime factors of 3294963.
3, 7, 52301
What are the prime factors of 13235662?
2, 11, 281, 2141
What are the prime factors of 19330?
2, 5, 1933
What are the prime factors of 2238665?
5, 11, 13, 31, 101
List the prime factors of 154307.
23, 6709
List the prime factors of 4639653.
3, 227, 757
What are the prime factors of 23925?
3, 5, 11, 